516545700?
75
What is the greatest common divisor of 17278 and 797014?
106
What is the greatest common factor of 16776214 and 39?
13
What is the highest common divisor of 10988340 and 2640?
660
What is the greatest common divisor of 6402939 and 87?
87
What is the highest common factor of 29083961 and 111?
37
What is the highest common factor of 16 and 18400?
16
What is the highest common divisor of 26 and 928253326?
26
Calculate the greatest common factor of 24748773 and 1596.
399
What is the greatest common divisor of 5010 and 36090?
30
Calculate the greatest common factor of 2734 and 59.
1
What is the highest common factor of 21021 and 17852562?
1911
Calculate the highest common divisor of 36165080 and 5936.
2968
What is the highest common divisor of 20314840 and 35?
35
What is the highest common factor of 1716 and 11252124?
156
Calculate the highest common divisor of 49 and 15836380.
7
What is the highest common divisor of 5424 and 81562722?
678
What is the greatest common factor of 87255 and 318780?
315
What is the greatest common divisor of 4521 and 9852?
3
Calculate the highest common divisor of 113452857 and 19.
19
Calculate the highest common divisor of 638988925 and 75.
25
What is the highest common divisor of 144 and 40774365?
9
Calculate the highest common divisor of 37212295 and 55.
5
What is the highest common divisor of 580 and 1292290?
10
Calculate the greatest common factor of 1749 and 11606331.
33
Calculate the greatest common divisor of 27869 and 3062707.
961
What is the greatest common divisor of 669 and 50940?
3
Calculate the highest common factor of 45513589 and 99.
11
What is the highest common factor of 20953 and 1206327?
23
Calculate the highest common divisor of 275 and 18703190.
55
What is the greatest common divisor of 435070 and 32?
2
Calculate the greatest common factor of 2459564 and 166132.
4052
What is the highest common divisor of 1084810 and 316230?
830
What is the greatest common factor of 28624790 and 10?
10
What is the highest common divisor of 1430 and 136351215?
715
What is the greatest common factor of 297569340 and 45?
45
Calculate the greatest common divisor of 3676156 and 7568.
1892
What is the highest common factor of 14644 and 85993229?
3661
What is the highest common divisor of 512 and 1557872?
16
What is the greatest common divisor of 600 and 1014266850?
150
What is the highest common divisor of 13 and 86657805?
13
Calculate the greatest common factor of 30914308 and 7479.
277
Calculate the highest common factor of 2214 and 70493391.
369
Calculate the highest common factor of 4881425 and 725.
725
What is the highest common factor of 1244272596 and 129?
129
What is the highest common divisor of 12495 and 6055?
35
Calculate the highest common divisor of 59512287 and 501.
501
Calculate the greatest common factor of 556950 and 38710.
790
Calculate the highest common divisor of 2102 and 1226.
2
Calculate the highest common factor of 43442 and 1201151.
203
Calculate the highest common divisor of 132 and 11306964.
12
Calculate the greatest common divisor of 128 and 4598752.
32
What is the highest common factor of 768 and 62234520?
24
Calculate the greatest common factor of 21296 and 4359146.
242
What is the greatest common factor of 1361841 and 91?
13
Calculate the highest common factor of 19998 and 397738.
2222
What is the greatest common factor of 102027 and 101033?
71
What is the greatest common factor of 779 and 7203331?
41
Calculate the greatest common divisor of 1189 and 5729873.
41
What is the greatest common factor of 787395864 and 1192?
1192
Calculate the greatest common factor of 12298 and 3264646.
946
Calculate the greatest common divisor of 122286664 and 2616.
872
What is the greatest common factor of 22 and 775250091?
11
Calculate the highest common factor of 38093988 and 4.
4
What is the greatest common factor of 504 and 23534952?
168
What is the greatest common divisor of 73403544 and 1752?
1752
What is the greatest common factor of 528 and 15882064?
176
What is the highest common factor of 22531818 and 3448?
862
Calculate the highest common divisor of 41825 and 263617.
239
Calculate the highest common divisor of 9396 and 29857240.
116
Calculate the greatest common factor of 5118132 and 108324.
708
Calculate the highest common factor of 280 and 4937420.
20
What is the greatest common factor of 7777404 and 202?
202
Calculate the greatest common factor of 8611764 and 471.
471
Calculate the greatest common divisor of 245 and 1958285.
245
Calculate the highest common factor of 114851776 and 248.
248
Calculate the greatest common factor of 50259974 and 122.
122
Calculate the highest common factor of 4660948 and 1212.
404
Calculate the highest common divisor of 639485 and 110495.
385
What is the greatest common divisor of 1322379 and 179091?
1809
What is the highest common divisor of 586794 and 44486?
26
Calculate the highest common divisor of 474842 and 2748538.
3466
What is the highest common factor of 87907 and 84762?
17
What is the greatest common factor of 1286268 and 999?
111
Calculate the highest common divisor of 28662 and 16386234.
1686
What is the highest common factor of 193995 and 27864?
81
What is the greatest common divisor of 2413487 and 6168?
257
What is the greatest common divisor of 163263359 and 4930?
493
What is the greatest common divisor of 8066 and 7316898?
74
What is the greatest common factor of 110 and 5583842?
22
What is the greatest common divisor of 69846166 and 13?
13
What is the highest common factor of 1792 and 102077696?
1792
What is the highest common divisor of 323 and 3747308402?
323
What is the greatest common divisor of 1371708 and 1260?
36
Calculate the highest common divisor of 2013 and 231627.
33
What is the highest common divisor of 130 and 17592874?
26
What is the highest common factor of 14564441 and 311?
311
What is the greatest common divisor of 1213460116 and 484?
484
Calculate the greatest common divisor of 5750545 and 45655.
1985
Calculate the highest common divisor of 652 and 2185993.
163
What is the greatest common factor of 614 and 16806715?
307
Calculate the highest common factor of 42521239 and 36590.
3659
Calculate the greatest common factor of 294 and 89993.
1
Calculate the greatest common divisor of 7 and 146869499.
7
Calculate the highest common factor of 100 and 27698050.
50
What is the greatest common factor of 4808741 and 42?
7
What is the highest common factor of 367852957 and 37982?
2713
Calculate the highest common factor of 672 and 2392032.
96
Calculate the greatest common factor of 84990 and 2730.
30
Calculate the highest common factor of 56229612 and 1308.
1308
Calculate the highest common factor of 541687 and 179577.
739
Calculate the highest common divisor of 373984 and 1245270.
806
Calculate the highest common factor of 638580 and 29029.
29
Calculate the highest common divisor of 2815 and 627320.
5
What is the greatest common divisor of 852 and 3944316?
12
Calculate the highest common divisor of 502913088 and 36.
36
What is the greatest common factor of 782600 and 110080?
1720
What is the greatest common factor of 35694 and 560528?
1322
What is the greatest common divisor of 6912 and 713718?
54
Calculate the greatest common factor of 30031175 and 100.
25
What is the greatest common divisor of 4383915 and 1311?
69
Calculate the greatest common factor of 1872 and 71219808.
144
Calculate the highest common factor of 972 and 150453.
9
What is the highest common divisor of 260 and 921896768?
52
Calculate the greatest common divisor of 22154 and 5610209.
583
Calculate the highest common factor of 299034 and 859806.
666
Calculate the highest common factor of 2194 and 99034966.
2194
What is the greatest common factor of 12839 and 2810446?
37
Calculate the highest common divisor of 4539 and 119969.
17
What is the highest common divisor of 390896 and 264?
88
Calculate the greatest common divisor of 34 and 150531821.
17
Calculate the greatest common factor of 2832 and 901275504.
2832
What is the highest common factor of 13047172 and 13529?
163
Calculate the highest common factor of 98400 and 9902976.
3936
What is the greatest common divisor of 1144 and 51401504?
88
What is the greatest common factor of 12418 and 744254?
14
Calculate